{"id":924,"date":"2021-11-02T21:26:32","date_gmt":"2021-11-02T20:26:32","guid":{"rendered":"http:\/\/www.portimex.es\/?page_id=924"},"modified":"2022-03-08T13:24:11","modified_gmt":"2022-03-08T12:24:11","slug":"sobre-portimex","status":"publish","type":"page","link":"https:\/\/www.portimex.es\/?page_id=924","title":{"rendered":"Sobre Portimex"},"content":{"rendered":"\t\t<div data-elementor-type=\"wp-page\" data-elementor-id=\"924\" class=\"elementor elementor-924\" data-elementor-post-type=\"page\">\n\t\t\t\t\t\t<section class=\"elementor-section elementor-top-section elementor-element elementor-element-7b1fe00 elementor-section-stretched elementor-section-full_width elementor-section-content-bottom elementor-section-height-min-height elementor-section-height-default elementor-section-items-middle\" data-id=\"7b1fe00\" data-element_type=\"section\" data-settings=\"{&quot;stretch_section&quot;:&quot;section-stretched&quot;,&quot;background_background&quot;:&quot;classic&quot;}\">\n\t\t\t\t\t\t\t<div class=\"elementor-background-overlay\"><\/div>\n\t\t\t\t\t\t\t<div class=\"elementor-container elementor-column-gap-default\">\n\t\t\t\t\t<div class=\"elementor-column elementor-col-100 elementor-top-column elementor-element elementor-element-7993159\" data-id=\"7993159\" data-element_type=\"column\">\n\t\t\t<div class=\"elementor-widget-wrap elementor-element-populated\">\n\t\t\t\t\t\t<div class=\"elementor-element elementor-element-f1ffc32 elementor-widget elementor-widget-theme-post-title elementor-page-title elementor-widget-heading\" data-id=\"f1ffc32\" data-element_type=\"widget\" data-widget_type=\"theme-post-title.default\">\n\t\t\t\t<div class=\"elementor-widget-container\">\n\t\t\t<h1 class=\"elementor-heading-title elementor-size-default\">Sobre Portimex<\/h1>\t\t<\/div>\n\t\t\t\t<\/div>\n\t\t\t\t\t<\/div>\n\t\t<\/div>\n\t\t\t\t\t<\/div>\n\t\t<\/section>\n\t\t\t\t<section class=\"elementor-section elementor-top-section elementor-element elementor-element-c10ff87 elementor-section-boxed elementor-section-height-default elementor-section-height-default\" data-id=\"c10ff87\" data-element_type=\"section\">\n\t\t\t\t\t\t<div class=\"elementor-container elementor-column-gap-default\">\n\t\t\t\t\t<div class=\"elementor-column elementor-col-50 elementor-top-column elementor-element elementor-element-0d709ac\" data-id=\"0d709ac\" data-element_type=\"column\">\n\t\t\t<div class=\"elementor-widget-wrap elementor-element-populated\">\n\t\t\t\t\t\t<div class=\"elementor-element elementor-element-0c8794a elementor-widget elementor-widget-image\" data-id=\"0c8794a\" data-element_type=\"widget\" data-settings=\"{&quot;motion_fx_motion_fx_scrolling&quot;:&quot;yes&quot;,&quot;motion_fx_translateY_effect&quot;:&quot;yes&quot;,&quot;motion_fx_translateY_speed&quot;:{&quot;unit&quot;:&quot;px&quot;,&quot;size&quot;:1,&quot;sizes&quot;:[]},&quot;motion_fx_translateY_affectedRange&quot;:{&quot;unit&quot;:&quot;%&quot;,&quot;size&quot;:&quot;&quot;,&quot;sizes&quot;:{&quot;start&quot;:0,&quot;end&quot;:100}},&quot;motion_fx_devices&quot;:[&quot;desktop&quot;,&quot;tablet&quot;,&quot;mobile&quot;]}\" data-widget_type=\"image.default\">\n\t\t\t\t<div class=\"elementor-widget-container\">\n\t\t\t\t\t\t\t\t\t\t\t\t\t<img fetchpriority=\"high\" decoding=\"async\" width=\"760\" height=\"759\" src=\"https:\/\/www.portimex.es\/wp-content\/uploads\/2022\/03\/CONDUCTOS-FLEXIBLES-1.png\" class=\"attachment-large size-large wp-image-1419\" alt=\"\" srcset=\"https:\/\/www.portimex.es\/wp-content\/uploads\/2022\/03\/CONDUCTOS-FLEXIBLES-1.png 760w, https:\/\/www.portimex.es\/wp-content\/uploads\/2022\/03\/CONDUCTOS-FLEXIBLES-1-300x300.png 300w, https:\/\/www.portimex.es\/wp-content\/uploads\/2022\/03\/CONDUCTOS-FLEXIBLES-1-150x150.png 150w\" sizes=\"(max-width: 760px) 100vw, 760px\" \/>\t\t\t\t\t\t\t\t\t\t\t\t\t<\/div>\n\t\t\t\t<\/div>\n\t\t\t\t\t<\/div>\n\t\t<\/div>\n\t\t\t\t<div class=\"elementor-column elementor-col-50 elementor-top-column elementor-element elementor-element-dadd001\" data-id=\"dadd001\" data-element_type=\"column\">\n\t\t\t<div class=\"elementor-widget-wrap elementor-element-populated\">\n\t\t\t\t\t\t<div class=\"elementor-element elementor-element-599aea2 elementor-widget elementor-widget-heading\" data-id=\"599aea2\" data-element_type=\"widget\" data-widget_type=\"heading.default\">\n\t\t\t\t<div class=\"elementor-widget-container\">\n\t\t\t<h5 class=\"elementor-heading-title elementor-size-default\">Portimex<\/h5>\t\t<\/div>\n\t\t\t\t<\/div>\n\t\t\t\t<div class=\"elementor-element elementor-element-18b900b elementor-widget elementor-widget-heading\" data-id=\"18b900b\" data-element_type=\"widget\" data-widget_type=\"heading.default\">\n\t\t\t\t<div class=\"elementor-widget-container\">\n\t\t\t<h5 class=\"elementor-heading-title elementor-size-default\">Portal de Importaci\u00f3n y Exportaci\u00f3n<\/h5>\t\t<\/div>\n\t\t\t\t<\/div>\n\t\t\t\t<div class=\"elementor-element elementor-element-82ea30f elementor-widget elementor-widget-text-editor\" data-id=\"82ea30f\" data-element_type=\"widget\" data-widget_type=\"text-editor.default\">\n\t\t\t\t<div class=\"elementor-widget-container\">\n\t\t\t\t\t\t\t<p>Fundada en el 2006, nuestro prop\u00f3sito siempre ha sido convertirnos en un mayorista de referencia en el mercado de la climatizaci\u00f3n, refrigeraci\u00f3n y aire acondicionado. Trabajamos constantemente por ofrecer productos cuya relaci\u00f3n de calidad-precio sea \u00f3ptima para nuestros clientes.<\/p>\t\t\t\t\t\t<\/div>\n\t\t\t\t<\/div>\n\t\t\t\t<div class=\"elementor-element elementor-element-568eb7c elementor-widget elementor-widget-text-editor\" data-id=\"568eb7c\" data-element_type=\"widget\" data-widget_type=\"text-editor.default\">\n\t\t\t\t<div class=\"elementor-widget-container\">\n\t\t\t\t\t\t\t<p>Tratamos siempre con fabricantes con los que acordamos condiciones de producto, entrega y calidad afines al mercado. Muchos de ellos adec\u00faan el suministro de su mercanc\u00eda a los par\u00e1metros de los mercados en los que distribuimos. Comercialmente, nos comprometemos a respetar la cadena de distribuci\u00f3n ofreciendo nuestro\u00a0<em>stock\u00a0<\/em>solo a grandes consumidores.<\/p>\t\t\t\t\t\t<\/div>\n\t\t\t\t<\/div>\n\t\t\t\t<div class=\"elementor-element elementor-element-daa14a1 elementor-widget elementor-widget-text-editor\" data-id=\"daa14a1\" data-element_type=\"widget\" data-widget_type=\"text-editor.default\">\n\t\t\t\t<div class=\"elementor-widget-container\">\n\t\t\t\t\t\t\t<p>Nuestra pol\u00edtica de calidad nos obliga a mantener, en todo momento, un volumen de productos en nuestros almacenes capaz de soportar la demanda con compromisos de preparaci\u00f3n de entregas en 48 horas. Nos sentimos orgullosos de contar con una familia de clientes con los que trabajamos desde hace muchos a\u00f1os y a los que pod\u00e9is acudir abiertamente para recabar su opini\u00f3n sobre nuestra compa\u00f1\u00eda.<\/p>\t\t\t\t\t\t<\/div>\n\t\t\t\t<\/div>\n\t\t\t\t\t<\/div>\n\t\t<\/div>\n\t\t\t\t\t<\/div>\n\t\t<\/section>\n\t\t\t\t<section class=\"elementor-section elementor-top-section elementor-element elementor-element-db18649 elementor-section-content-middle elementor-section-boxed elementor-section-height-default elementor-section-height-default\" data-id=\"db18649\" data-element_type=\"section\" data-settings=\"{&quot;background_background&quot;:&quot;classic&quot;}\">\n\t\t\t\t\t\t\t<div class=\"elementor-background-overlay\"><\/div>\n\t\t\t\t\t\t\t<div class=\"elementor-container elementor-column-gap-no\">\n\t\t\t\t\t<div class=\"elementor-column elementor-col-100 elementor-top-column elementor-element elementor-element-a451b50\" data-id=\"a451b50\" data-element_type=\"column\">\n\t\t\t<div class=\"elementor-widget-wrap elementor-element-populated\">\n\t\t\t\t\t\t<div class=\"elementor-element elementor-element-17baa23 elementor-widget elementor-widget-heading\" data-id=\"17baa23\" data-element_type=\"widget\" data-widget_type=\"heading.default\">\n\t\t\t\t<div class=\"elementor-widget-container\">\n\t\t\t<h4 class=\"elementor-heading-title elementor-size-default\">Contacta con nosotros y te informaremos<\/h4>\t\t<\/div>\n\t\t\t\t<\/div>\n\t\t\t\t<div class=\"elementor-element elementor-element-fecc8aa elementor-absolute elementor-widget elementor-widget-image\" data-id=\"fecc8aa\" data-element_type=\"widget\" data-settings=\"{&quot;_position&quot;:&quot;absolute&quot;}\" data-widget_type=\"image.default\">\n\t\t\t\t<div class=\"elementor-widget-container\">\n\t\t\t\t\t\t\t\t\t\t\t\t\t<img decoding=\"async\" width=\"33\" height=\"34\" src=\"https:\/\/www.portimex.es\/wp-content\/uploads\/2019\/07\/b_menu.png\" class=\"attachment-large size-large wp-image-225\" alt=\"\" \/>\t\t\t\t\t\t\t\t\t\t\t\t\t<\/div>\n\t\t\t\t<\/div>\n\t\t\t\t<div class=\"elementor-element elementor-element-bfccbaa elementor-widget elementor-widget-heading\" data-id=\"bfccbaa\" data-element_type=\"widget\" data-widget_type=\"heading.default\">\n\t\t\t\t<div class=\"elementor-widget-container\">\n\t\t\t<h4 class=\"elementor-heading-title elementor-size-default\"><a href=\"mailto:info@portimex.es\">info@portimex.es<\/a><\/h4>\t\t<\/div>\n\t\t\t\t<\/div>\n\t\t\t\t<div class=\"elementor-element elementor-element-ed2c8d2 elementor-widget elementor-widget-heading\" data-id=\"ed2c8d2\" data-element_type=\"widget\" data-widget_type=\"heading.default\">\n\t\t\t\t<div class=\"elementor-widget-container\">\n\t\t\t<h4 class=\"elementor-heading-title elementor-size-default\"><a href=\"tel:+34933409906\" rel=\"nofollow\">+34 933 409 906<\/a><\/h4>\t\t<\/div>\n\t\t\t\t<\/div>\n\t\t\t\t<div class=\"elementor-element elementor-element-1a3b206 elementor-align-center elementor-widget elementor-widget-button\" data-id=\"1a3b206\" data-element_type=\"widget\" data-widget_type=\"button.default\">\n\t\t\t\t<div class=\"elementor-widget-container\">\n\t\t\t\t\t<div class=\"elementor-button-wrapper\">\n\t\t\t<a class=\"elementor-button elementor-button-link elementor-size-sm elementor-animation-grow\" href=\"http:\/\/www.portimex.es\/contacto\/\">\n\t\t\t\t\t\t<span class=\"elementor-button-content-wrapper\">\n\t\t\t\t\t\t<span class=\"elementor-button-text\">Contacta con nosotros<\/span>\n\t\t<\/span>\n\t\t\t\t\t<\/a>\n\t\t<\/div>\n\t\t\t\t<\/div>\n\t\t\t\t<\/div>\n\t\t\t\t\t<\/div>\n\t\t<\/div>\n\t\t\t\t\t<\/div>\n\t\t<\/section>\n\t\t\t\t<\/div>\n\t\t","protected":false},"excerpt":{"rendered":"<p>Portimex Portal de Importaci\u00f3n y Exportaci\u00f3n Fundada en el 2006, nuestro prop\u00f3sito siempre ha sido convertirnos en un mayorista de referencia en el mercado de la climatizaci\u00f3n, refrigeraci\u00f3n y aire acondicionado. Trabajamos constantemente por ofrecer productos cuya relaci\u00f3n de calidad-precio sea \u00f3ptima para nuestros clientes. Tratamos siempre con fabricantes con los que acordamos condiciones de &#8230; <a title=\"Sobre Portimex\" class=\"read-more\" href=\"https:\/\/www.portimex.es\/?page_id=924\" aria-label=\"Leer m\u00e1s sobre Sobre Portimex\">Leer m\u00e1s<\/a><\/p>\n","protected":false},"author":5,"featured_media":0,"parent":0,"menu_order":0,"comment_status":"closed","ping_status":"closed","template":"","meta":{"_acf_changed":false,"footnotes":""},"acf":[],"yoast_head":"<!-- This site is optimized with the Yoast SEO plugin v22.3 - https:\/\/yoast.com\/wordpress\/plugins\/seo\/ -->\n<title>Sobre Portimex - Portimex<\/title>\n<meta name=\"robots\" content=\"index, follow, max-snippet:-1, max-image-preview:large, max-video-preview:-1\" \/>\n<link rel=\"canonical\" href=\"https:\/\/www.portimex.es\/?page_id=924\" \/>\n<meta property=\"og:locale\" content=\"es_ES\" \/>\n<meta property=\"og:type\" content=\"article\" \/>\n<meta property=\"og:title\" content=\"Sobre Portimex - Portimex\" \/>\n<meta property=\"og:description\" content=\"Portimex Portal de Importaci\u00f3n y Exportaci\u00f3n Fundada en el 2006, nuestro prop\u00f3sito siempre ha sido convertirnos en un mayorista de referencia en el mercado de la climatizaci\u00f3n, refrigeraci\u00f3n y aire acondicionado. Trabajamos constantemente por ofrecer productos cuya relaci\u00f3n de calidad-precio sea \u00f3ptima para nuestros clientes. Tratamos siempre con fabricantes con los que acordamos condiciones de ... Leer m\u00e1s\" \/>\n<meta property=\"og:url\" content=\"https:\/\/www.portimex.es\/?page_id=924\" \/>\n<meta property=\"og:site_name\" content=\"Portimex\" \/>\n<meta property=\"article:modified_time\" content=\"2022-03-08T12:24:11+00:00\" \/>\n<meta property=\"og:image\" content=\"http:\/\/www.portimex.es\/wp-content\/uploads\/2022\/03\/CONDUCTOS-FLEXIBLES-1.png\" \/>\n<meta name=\"twitter:card\" content=\"summary_large_image\" \/>\n<meta name=\"twitter:label1\" content=\"Tiempo de lectura\" \/>\n\t<meta name=\"twitter:data1\" content=\"2 minutos\" \/>\n<script type=\"application\/ld+json\" class=\"yoast-schema-graph\">{\"@context\":\"https:\/\/schema.org\",\"@graph\":[{\"@type\":\"WebPage\",\"@id\":\"https:\/\/www.portimex.es\/?page_id=924\",\"url\":\"https:\/\/www.portimex.es\/?page_id=924\",\"name\":\"Sobre Portimex - Portimex\",\"isPartOf\":{\"@id\":\"http:\/\/www.portimex.es\/#website\"},\"primaryImageOfPage\":{\"@id\":\"https:\/\/www.portimex.es\/?page_id=924#primaryimage\"},\"image\":{\"@id\":\"https:\/\/www.portimex.es\/?page_id=924#primaryimage\"},\"thumbnailUrl\":\"http:\/\/www.portimex.es\/wp-content\/uploads\/2022\/03\/CONDUCTOS-FLEXIBLES-1.png\",\"datePublished\":\"2021-11-02T20:26:32+00:00\",\"dateModified\":\"2022-03-08T12:24:11+00:00\",\"breadcrumb\":{\"@id\":\"https:\/\/www.portimex.es\/?page_id=924#breadcrumb\"},\"inLanguage\":\"es\",\"potentialAction\":[{\"@type\":\"ReadAction\",\"target\":[\"https:\/\/www.portimex.es\/?page_id=924\"]}]},{\"@type\":\"ImageObject\",\"inLanguage\":\"es\",\"@id\":\"https:\/\/www.portimex.es\/?page_id=924#primaryimage\",\"url\":\"https:\/\/www.portimex.es\/wp-content\/uploads\/2022\/03\/CONDUCTOS-FLEXIBLES-1.png\",\"contentUrl\":\"https:\/\/www.portimex.es\/wp-content\/uploads\/2022\/03\/CONDUCTOS-FLEXIBLES-1.png\",\"width\":760,\"height\":759},{\"@type\":\"BreadcrumbList\",\"@id\":\"https:\/\/www.portimex.es\/?page_id=924#breadcrumb\",\"itemListElement\":[{\"@type\":\"ListItem\",\"position\":1,\"name\":\"Portimex\",\"item\":\"http:\/\/www.portimex.es\/\"},{\"@type\":\"ListItem\",\"position\":2,\"name\":\"Sobre Portimex\"}]},{\"@type\":\"WebSite\",\"@id\":\"http:\/\/www.portimex.es\/#website\",\"url\":\"http:\/\/www.portimex.es\/\",\"name\":\"Portimex\",\"description\":\"Climatizaci\u00f3n, Ventilaci\u00f3n y Aire Acondicionado\",\"publisher\":{\"@id\":\"http:\/\/www.portimex.es\/#organization\"},\"potentialAction\":[{\"@type\":\"SearchAction\",\"target\":{\"@type\":\"EntryPoint\",\"urlTemplate\":\"http:\/\/www.portimex.es\/?s={search_term_string}\"},\"query-input\":\"required name=search_term_string\"}],\"inLanguage\":\"es\"},{\"@type\":\"Organization\",\"@id\":\"http:\/\/www.portimex.es\/#organization\",\"name\":\"Portimex\",\"url\":\"http:\/\/www.portimex.es\/\",\"logo\":{\"@type\":\"ImageObject\",\"inLanguage\":\"es\",\"@id\":\"http:\/\/www.portimex.es\/#\/schema\/logo\/image\/\",\"url\":\"http:\/\/www.portimex.es\/wp-content\/uploads\/2019\/07\/portimex-logo.png\",\"contentUrl\":\"http:\/\/www.portimex.es\/wp-content\/uploads\/2019\/07\/portimex-logo.png\",\"width\":800,\"height\":577,\"caption\":\"Portimex\"},\"image\":{\"@id\":\"http:\/\/www.portimex.es\/#\/schema\/logo\/image\/\"}}]}<\/script>\n<!-- \/ Yoast SEO plugin. -->","yoast_head_json":{"title":"Sobre Portimex - Portimex","robots":{"index":"index","follow":"follow","max-snippet":"max-snippet:-1","max-image-preview":"max-image-preview:large","max-video-preview":"max-video-preview:-1"},"canonical":"https:\/\/www.portimex.es\/?page_id=924","og_locale":"es_ES","og_type":"article","og_title":"Sobre Portimex - Portimex","og_description":"Portimex Portal de Importaci\u00f3n y Exportaci\u00f3n Fundada en el 2006, nuestro prop\u00f3sito siempre ha sido convertirnos en un mayorista de referencia en el mercado de la climatizaci\u00f3n, refrigeraci\u00f3n y aire acondicionado. Trabajamos constantemente por ofrecer productos cuya relaci\u00f3n de calidad-precio sea \u00f3ptima para nuestros clientes. Tratamos siempre con fabricantes con los que acordamos condiciones de ... Leer m\u00e1s","og_url":"https:\/\/www.portimex.es\/?page_id=924","og_site_name":"Portimex","article_modified_time":"2022-03-08T12:24:11+00:00","og_image":[{"url":"http:\/\/www.portimex.es\/wp-content\/uploads\/2022\/03\/CONDUCTOS-FLEXIBLES-1.png"}],"twitter_card":"summary_large_image","twitter_misc":{"Tiempo de lectura":"2 minutos"},"schema":{"@context":"https:\/\/schema.org","@graph":[{"@type":"WebPage","@id":"https:\/\/www.portimex.es\/?page_id=924","url":"https:\/\/www.portimex.es\/?page_id=924","name":"Sobre Portimex - Portimex","isPartOf":{"@id":"http:\/\/www.portimex.es\/#website"},"primaryImageOfPage":{"@id":"https:\/\/www.portimex.es\/?page_id=924#primaryimage"},"image":{"@id":"https:\/\/www.portimex.es\/?page_id=924#primaryimage"},"thumbnailUrl":"http:\/\/www.portimex.es\/wp-content\/uploads\/2022\/03\/CONDUCTOS-FLEXIBLES-1.png","datePublished":"2021-11-02T20:26:32+00:00","dateModified":"2022-03-08T12:24:11+00:00","breadcrumb":{"@id":"https:\/\/www.portimex.es\/?page_id=924#breadcrumb"},"inLanguage":"es","potentialAction":[{"@type":"ReadAction","target":["https:\/\/www.portimex.es\/?page_id=924"]}]},{"@type":"ImageObject","inLanguage":"es","@id":"https:\/\/www.portimex.es\/?page_id=924#primaryimage","url":"https:\/\/www.portimex.es\/wp-content\/uploads\/2022\/03\/CONDUCTOS-FLEXIBLES-1.png","contentUrl":"https:\/\/www.portimex.es\/wp-content\/uploads\/2022\/03\/CONDUCTOS-FLEXIBLES-1.png","width":760,"height":759},{"@type":"BreadcrumbList","@id":"https:\/\/www.portimex.es\/?page_id=924#breadcrumb","itemListElement":[{"@type":"ListItem","position":1,"name":"Portimex","item":"http:\/\/www.portimex.es\/"},{"@type":"ListItem","position":2,"name":"Sobre Portimex"}]},{"@type":"WebSite","@id":"http:\/\/www.portimex.es\/#website","url":"http:\/\/www.portimex.es\/","name":"Portimex","description":"Climatizaci\u00f3n, Ventilaci\u00f3n y Aire Acondicionado","publisher":{"@id":"http:\/\/www.portimex.es\/#organization"},"potentialAction":[{"@type":"SearchAction","target":{"@type":"EntryPoint","urlTemplate":"http:\/\/www.portimex.es\/?s={search_term_string}"},"query-input":"required name=search_term_string"}],"inLanguage":"es"},{"@type":"Organization","@id":"http:\/\/www.portimex.es\/#organization","name":"Portimex","url":"http:\/\/www.portimex.es\/","logo":{"@type":"ImageObject","inLanguage":"es","@id":"http:\/\/www.portimex.es\/#\/schema\/logo\/image\/","url":"http:\/\/www.portimex.es\/wp-content\/uploads\/2019\/07\/portimex-logo.png","contentUrl":"http:\/\/www.portimex.es\/wp-content\/uploads\/2019\/07\/portimex-logo.png","width":800,"height":577,"caption":"Portimex"},"image":{"@id":"http:\/\/www.portimex.es\/#\/schema\/logo\/image\/"}}]}},"_links":{"self":[{"href":"https:\/\/www.portimex.es\/index.php?rest_route=\/wp\/v2\/pages\/924"}],"collection":[{"href":"https:\/\/www.portimex.es\/index.php?rest_route=\/wp\/v2\/pages"}],"about":[{"href":"https:\/\/www.portimex.es\/index.php?rest_route=\/wp\/v2\/types\/page"}],"author":[{"embeddable":true,"href":"https:\/\/www.portimex.es\/index.php?rest_route=\/wp\/v2\/users\/5"}],"replies":[{"embeddable":true,"href":"https:\/\/www.portimex.es\/index.php?rest_route=%2Fwp%2Fv2%2Fcomments&post=924"}],"version-history":[{"count":0,"href":"https:\/\/www.portimex.es\/index.php?rest_route=\/wp\/v2\/pages\/924\/revisions"}],"wp:attachment":[{"href":"https:\/\/www.portimex.es\/index.php?rest_route=%2Fwp%2Fv2%2Fmedia&parent=924"}],"curies":[{"name":"wp","href":"https:\/\/api.w.org\/{rel}","templated":true}]}}